v*f - 5 = 6. What are the prime factors of g?
2
List the prime factors of 63/(-18)*-6*1.
3, 7
Let j = 92 - 51. What are the prime factors of j?
41
Let t(y) = -y**3 + 5*y**2 - 3*y - 2. Let q be t(4). Suppose w = q*w - 3. What are the prime factors of w?
3
Let w = 126 - 27. Suppose -w = 2*x - 19. What are the prime factors of -1 - -3 - x/8?
7
Suppose 33 = 3*x - 18. Let n(o) = -74*o**3 + 23*o**2 + 14*o. Let r(k) = -25*k**3 + 8*k**2 + 5*k. Let f(j) = x*r(j) - 6*n(j). What are the prime factors of f(1)?
2, 3
Let x(y) = 33*y**2 - y - 6. List the prime factors of x(2).
2, 31
Let z(f) = -8*f**2 - 2*f + 1. Let s be z(-2). List the prime factors of (1 - -1) + s/(-3).
11
Let m be 12/(5/(30/9)). Suppose -3*t = 2*s - m, -5*t + 4 + 41 = -3*s. Suppose t*x - 2*x - 8 = 0. What are the prime factors of x?
2
Suppose 9 = o - 2*o. Let g = o - -12. Suppose -37 = -g*s + 20. List the prime factors of s.
19
What are the prime factors of (-4)/18 - (-380)/9?
2, 3, 7
Let v be -1 + 3*(-2)/(-2). What are the prime factors of v + (0 - 60/(-4))?
17
Suppose 0 = -9*p + 3*p + 1098. List the prime factors of p.
3, 61
List the prime factors of (936/(-42))/(2/(-7)).
2, 3, 13
List the prime factors of (-24)/9*(-15)/2.
2, 5
Suppose 3*q - 5*q - 16 = 0. Let l = 12 + q. Suppose 0*f - 3*f + 8 = l*t, -2 = -t + f. What are the prime factors of t?
2
Suppose 3*p + 15 = 0, -w + 4*w = -p + 25. Let r = -9 + 10. Suppose 3*u - w = -r. List the prime factors of u.
3
Let k = 2 + -2. Suppose 2*o - 24 = -k*o. Suppose 0*a = -2*a + o. What are the prime factors of a?
2, 3
Suppose q - f - 10 = 0, -9 = -2*q + 3*f + 15. Suppose 2 - q = -2*v. What are the prime factors of v?
2
Let p = 11 - 8. Let o be 1/p*(27 + 6). Let m = -5 + o. What are the prime factors of m?
2, 3
Suppose -f - 3*f = -28. Suppose -4*b = -f*b + 30. What are the prime factors of b?
2, 5
Let b = 10 + -7. Suppose -b*h - 99 = -3*q, q - 5 = 3*h + 32. What are the prime factors of q?
31
Suppose 3*m - 132 = -4*s, 0 = -4*s + m - 6*m + 124. List the prime factors of s.
2, 3
Let a = 28 - 20. Let n(j) = -j + 8. Let d be n(a). Suppose 0 = h + m - 3, -5*h = -2*m - d*m - 15. List the prime factors of h.
3
Let y be (-5)/15 - 10/6. Let g(h) = -h**3 + 3*h + 1. List the prime factors of g(y).
3
Suppose -11*h + 1000 + 870 = 0. What are the prime factors of h?
2, 5, 17
Let f(p) = 47*p + 5. What are the prime factors of f(4)?
193
Let w(j) = -69*j - 7. Let z be w(9). What are the prime factors of z/(-20) + 2/(-5)?
31
Let y(r) = 3*r**2 + 23*r + 16. List the prime factors of y(-11).
2, 3, 7
Let v be (10 - 7)*(-1 + 2). List the prime factors of (-8)/v*165/(-11).
2, 5
Let j(r) be the third derivative of 0 + r**2 + 1/6*r**3 + 1/4*r**4 + 0*r. What are the prime factors of j(1)?
7
Let f(i) = i**3 - 2*i + 1. Let u be f(2). Suppose -3*p - 18 = o - 6*p, -u*o + 4*p = 46. List the prime factors of o/12 + 7/2.
3
Let w(n) = n**2 - 9*n + 1. Let y be w(10). Let s(f) = 3*f**2 - f + 1. Let x(v) = -8*v**2 + 3*v - 2. Let k(a) = y*s(a) + 4*x(a). List the prime factors of k(0).
3
Let s be -1*(1 + -1)/(-2). Suppose s = 2*a + p + 18, 3*a + a + 12 = 4*p. Let m(z) = -z + 3. List the prime factors of m(a).
2, 5
Suppose 3*w = 5*o - 15, 5*o = 4*w + 15 + 5. Suppose 1 = 2*l + 3. What are the prime factors of (-11)/((1 - o)*l)?
11
Suppose 4*b - 24 = 4. Let i = -5 + b. List the prime factors of i.
2
Suppose 4*d - 2*d - 18 = 0. List the prime factors of d.
3
Let o(h) = 12*h**2 + 1. Let l be o(-1). Let i = l + 9. List the prime factors of i.
2, 11
Let p(u) = u**3 - u**2 + 1. Suppose g = 3*s - 8, s + 4*g + 7 - 1 = 0. Let m be p(s). Suppose -m = -q - 0. What are the prime factors of q?
5
Let p(k) = k**2 + 0*k - 3*k + 2 + 3. Let o(s) = s + 1. Let c be o(3). List the prime factors of p(c).
3
Let l(f) = f**2 - 5*f + 2. Let a be l(6). Let c = 12 - a. Let j = 8 - c. List the prime factors of j.
2
Let t = 1 - -1. Suppose 0 = 5*g - 20. Let m = g + t. What are the prime factors of m?
2, 3
Let n(f) = 9*f - 4. Let m be n(4). Let y = m + -12. What are the prime factors of y?
2, 5
Let f(h) = h + 43. What are the prime factors of f(0)?
43
Suppose -354 = -4*b + 258. What are the prime factors of b?
3, 17
Let x(u) = -u**3 - 5*u**2 - 6*u - 4. Suppose 5*p - 3*c + 29 = 0, 0 = 2*p + p - 3*c + 21. What are the prime factors of x(p)?
2
Suppose -4*x = -3*x + 1. Let h be (36/(-15))/(x/5). Let t = -6 + h. What are the prime factors of t?
2, 3
Let r be (6 - (0 - -2))/2. Suppose -a - r = -2*a. Suppose -4*k - n = -31, 3*n - 14 + a = -3*k. List the prime factors of k.
3
Suppose -4*h - 3 = -5*h. Suppose -h*b = b - 24. List the prime factors of b.
2, 3
Let r(a) = -a**3 - 2*a**2 - 2*a + 2. Let j = -15 + 40. Let v be (-10)/j + 16/(-10). What are the prime factors of r(v)?
2, 3
Let b(a) be the third derivative of -a**6/120 - a**5/60 - a**4/24 + 7*a**3/3 - 3*a**2. List the prime factors of b(0).
2, 7
Suppose -t + 200 = 5*z, t - 9*z + 6*z = 240. What are the prime factors of t?
3, 5
What are the prime factors of -3 + (72 - (-6 - -3))?
2, 3
Suppose -17 = -3*a + 31. Suppose -4*g + a = -3*g. List the prime factors of g.
2
Let m = 24 - -25. What are the prime factors of m?
7
What are the prime factors of 1135/(-25)*(-7 - -2)?
227
What are the prime factors of -118*(-2)/4*(3 + -2)?
59
Suppose 256 - 61 = 13*i. What are the prime factors of i?
3, 5
Let f = -10 - 9. Let z = 28 - f. What are the prime factors of z?
47
Let a(o) = -11*o - 10 + 4 + 0*o. Let x be a(-4). Let i = x + -25. List the prime factors of i.
13
Let h = 6 - 4. Suppose 2*t + 396 = -h*t. What are the prime factors of 3/(-12) + t/(-12)?
2
Let q be -7*(-2 - (-48)/(-21)). Suppose -4*s + 36 = 3*o, -4*s - 5*o = -3*o - 32. Suppose 5*c = 2*c + s, -2*c = 2*n - q. List the prime factors of n.
13
Suppose 91 = -3*i + 319. List the prime factors of i.
2, 19
Let v(p) = -p**3 + 37. Let i be v(0). List the prime factors of (i/(0 + 1))/1.
37
Suppose 4*m = -m + 250. List the prime factors of (-4)/(-6) + m/6.
3
Let a be -16 + (-1)/1 + -2. Let h = 5 - a. Suppose 0 = 3*l - o - 19, 5*o = -2*l - 0*l + h. What are the prime factors of l?
7
Let s(t) be the third derivative of t**4/8 + t**3 - 2*t**2. Let k be s(-6). What are the prime factors of 4/k*(1 + -34)?
11
Let t = 45 + -3. List the prime factors of t.
2, 3, 7
Let a be (-7)/(((-3)/(-1))/(-3)). Suppose -a*w + 30 = -2*w. List the prime factors of w.
2, 3
Let d(j) = 17*j + 4. Let k be d(-3). Let l(z) = -z**2 + z + 66. Let v be l(0). Let c = k + v. What are the prime factors of c?
19
Suppose 4*z - 441 - 527 = 0. List the prime factors of z.
2, 11
Suppose -22 = -i + 2*c, i + 2*c = 34 - 8. What are the prime factors of i?
2, 3
Suppose 4*o = 6*o - 52. What are the prime factors of o?
2, 13
Let t be (-1)/(2 + 87/(-45)). Suppose -41 = -4*k + 55. Let j = t + k. List the prime factors of j.
3
Let k = -26 + 47. Let w = -13 + k. What are the prime factors of w?
2
Suppose 0 = m + 3*m. Suppose m*o + 5*o = 85. What are the prime factors of o?
17
Let j(s) be the third derivative of -s**6/120 + s**5/10 + 7*s**4/24 + 7*s**3/6 + 3*s**2. List the prime factors of j(7).
7
List the prime factors of (-28)/(-105)*(-6)/(-4)*200.
2, 5
Let x be 1*(1 - 2)*-2. Let v(n) = 3*n + 2*n + 4 + 4*n - n**x - 6. What are the prime factors of v(8)?
2, 3
Let y(f) = -f**3 + 4*f**2 + 2*f + 1. What are the prime factors of y(4)?
3
Suppose 5*p - 255 = -5*l, -157 = -3*p - 0*l - 4*l. Suppose -2*g - 17 = -p. List the prime factors of g.
3, 5
Suppose -a - 264 = -2*a + 3*u, -u + 272 = a. List the prime factors of a.
2, 3, 5
Let i(q) = q**3 + q**2 - 1. Let n(x) = -5*x**3 - 10*x**2 + 9*x + 4. Let m(a) = -4*i(a) - n(a). Suppose 4 + 10 = -2*s. List the prime factors of m(s).
2, 7
Suppose -c + 232 = 2*c + 2*j, 8 = 4*j. What are the prime factors of c?
2, 19
Let x = 8 + -4. Suppose 4*u = 6*d - 2*d + 8, 34 = 3*u + x*d. Suppose -5*m = 3*v - 4 + 2, -v - 5*m - u = 0. List the prime factors of v.
2
Let t(h) = h**3 + 3*h**2 - 18. What are the prime factors of t(4)?
2, 47
Suppose -2*d = d. Let z = d + 5. Suppose -w = -2*w + z. What are the prime factors of w?
5
Let q be 12/4 - (0 + -1). Suppose 3*a = 2*u - 35, -u - u = q*a - 14. Suppose k + 4 = u. What are the prime factors of k?
3
Let w(h) = -2*h + 5 + 3*h - 6. List the prime factors of w(5).
2
Let l(p) be the first derivative of p**2/2 + 8*p - 1